*3 - 13*s**2 + 27*s - 7. Let q(l) = -l**3 + 7*l**2 - 13*l + 4. Let o(g) = 5*q(g) + 2*y(g). Determine o(8).
-18
Let n(c) = 9*c**3 + 2*c**2 - 1. Let l be ((-2)/6)/((-3)/81). Let t = l + -8. Suppose -q + t = -0. What is n(q)?
10
Let l be (-78)/(-21) - (-2)/7. Let f(y) = 7*y**3 - 5*y**3 + 4 + 0*y**2 - 3*y**3 - 4*y + 5*y**2. Give f(l).
4
Suppose 0 = -4*a - 5*c + 7, -5*a + 3*c + 9 + 9 = 0. Let v(i) = 4*i**2 + 0*i - i**3 - 3 + i**2 - a*i. Suppose 2*t + 1 = 3*p, -t + 5*p - 13 = -2. Determine v(t).
1
Let v(l) = -2*l - 4. Let f be (2/(-6))/((-2)/24). Suppose 5*a + 0 = 4*c - 20, -16 = f*a + 4*c. Determine v(a).
4
Suppose -4*i - 8 = -0. Let o = i - 1. Let a(r) = -r + 2. Let q be a(o). Let x(c) = c**3 - 5*c**2 - c + 1. What is x(q)?
-4
Let i(v) = -8*v - 12. Let d = 8 - 2. Let w(t) = 7 + 7*t - 1 + 5. Let y(h) = d*i(h) + 7*w(h). Determine y(-4).
1
Let v(z) = 3*z**2 + 0*z**2 + 1 - z**2 + 6*z**3 + 2*z. Let n(i) = i**2 + i - 4. Let q be n(-3). Let b = 1 - q. Give v(b).
-5
Let j(r) = -r**3 + 10*r**2 - 10*r + 11. Let m be j(9). Suppose x + m*l + 5 = 0, -2*l + l = 2*x - 5. Let n(f) = -f**3 + 5*f**2 - f + 7. Determine n(x).
2
Let l(w) = w**2 - 3*w - 1. Let r(t) = t**3 + 8*t**2 - 10*t - 13. Let u be r(-9). Let q(o) = o**2 - 2*o - 1. Let s(h) = u*l(h) + 5*q(h). What is s(3)?
14
Let d = 8 + -5. Let x be d*(0 + (-2)/(-3)). Suppose -x*n + 2 = 8. Let t(c) = 4*c + 2. What is t(n)?
-10
Let h be (-1)/(-2)*5 + (-3)/2. Let c(g) = 8*g**2 - 11*g. Let u(d) = 2*d**2 - 3*d. Let f(r) = 6*c(r) - 22*u(r). What is f(h)?
4
Let n(i) = -3*i + 5. Suppose 0*v - 4*v = 12, 4*w = 5*v + 43. Let d(r) = -r + 12. Let m be d(w). What is n(m)?
-10
Let v(h) = -h**2 - 4*h. Suppose 3*i + 9 = 6*w - w, 0 = -5*i - 3*w - 15. Let u be v(i). Let l(f) = 2*f + 0*f - f - 8 + f**u. Give l(0).
-8
Suppose -3*w + 4*w - 16 = 0. Let j be w/4 - (-2)/(-2). Let t(x) = -2*x**2 + x**2 + 3*x + 0*x**2. Calculate t(j).
0
Let z(x) = -3*x - 6. Let o(n) = -n**3 + 3*n**2 - n - 1. Suppose -4*h - 4*k = -20, 25 - 8 = 5*h + k. Let r be o(h). What is z(r)?
6
Let h be (-15)/(-4) + 4/16. Let x(k) = 5*k - 2. Let g(d) = -d. Let w(u) = 4*g(u) + x(u). What is w(h)?
2
Let s(k) = 2*k + 17. Let f(g) = -g - 9. Let o(t) = 7*f(t) + 3*s(t). Calculate o(-5).
-7
Let n(x) = -1 + 3*x**2 + 6 - 5*x - 4*x**2. Let w(b) = -b**3 - 4*b**2 - 3*b - 5. Let v be w(-3). What is n(v)?
5
Let m(u) = -u**2 + 6*u - 5. Let q be m(5). Let r(g) = -2 + 0 + 0*g + g + q*g. Calculate r(-2).
-4
Let v(x) be the first derivative of x**4/4 + 8*x**3/3 - 2*x - 8. Calculate v(-8).
-2
Let u(z) = z**2 + 4*z - 1. Let j be u(-5). Suppose 2*s = -2*v + j - 2, -5*v + 2*s - 16 = 0. Let o(m) = -m**3 - 4*m**2 - m + 2. Give o(v).
-4
Let v(b) = -b - 4. Suppose 5*t = 5*s + 25, t + 3*s + 2*s = 11. What is v(t)?
-10
Suppose f - 5*b - 25 = 3*f, -5*f = -2*b - 10. Suppose f = -3*o + 2*o + 5. Let k(y) = 4 - 8 - 15*y + 42*y - 21*y - y**2. Determine k(o).
1
Suppose 0 = 3*m + 3*s, m + 5*s - 2 + 6 = 0. Let k(v) = 9*v**3 + 2*v**2 - 1. Calculate k(m).
10
Suppose -u + 0*u = -1. Let g(j) = 7*j**2 - 6 - 6*j**2 - 6*j + u + 0. What is g(5)?
-10
Let a(f) be the third derivative of f**6/120 - f**4/8 - 2*f**3/3 - 15*f**2. Calculate a(-3).
-22
Let p(r) = r**2 - 4*r - 5. Suppose 5*o - 26 = 99. Let x = o - 19. Give p(x).
7
Let g = -3 - 4. Let p(m) = -5*m**3 + 11*m - 4. Let v(d) = 6*d**3 - d**2 - 12*d + 5. Let n(w) = g*p(w) - 6*v(w). Determine n(5).
-2
Let b(d) = -2*d. Let k(f) be the third derivative of -f**4/24 + f**3/6 - 7*f**2. Let x(o) = b(o) + 2*k(o). Calculate x(3).
-10
Suppose 7*v = 6*v. Suppose 4*l + 2 = -2*g, -5*l + 0*l + 3*g - 19 = v. Let b(d) = -2*d**2 - 3*d. What is b(l)?
-2
Let k(y) = y**3 - 6*y**2 - 4. Let b = -2 - 8. Let f = 16 + b. What is k(f)?
-4
Let h = 19 + -19. Let c(d) = -d**2 + 1. Calculate c(h).
1
Suppose 0 = -2*c + 2*n + 4, -c - c = -3*n. Suppose 2*x + 16 = c. Let k(m) = m**3 + 5*m**2 - m + 6. Determine k(x).
11
Let s(j) be the third derivative of j**6/120 - j**5/15 - j**3/6 - 40*j**2. Calculate s(3).
-10
Let f(g) = -7 + g**2 - g + 0 + 5*g. Let t = 14 + -19. Determine f(t).
-2
Let s be (-128)/(-56) - (-4)/(-14). Let k(y) = -3*y**s + 2 + 0 - y - 3 + 16*y**2. Suppose -j + 4*w + 11 = 0, 4*j + 10*w = 5*w - 19. What is k(j)?
13
Let s(w) be the first derivative of -w**4/4 + 4*w**3/3 + w**2/2 - 2*w - 22. Give s(3).
10
Let x be 0*(1 - 2)/(-2). Let r(s) be the first derivative of 0*s + x*s**2 + 2 - 5/4*s**4 + 0*s**3. Determine r(-1).
5
Let i(d) = -5*d**3 + d**2 + 2*d - 3. Let a(j) = 4*j**3 - j**2 - 3*j + 4. Let x(t) = -2*a(t) - 3*i(t). Calculate x(1).
7
Let b(p) = 3*p - 2. Suppose 2*i - 48 = -2*i. Let v = -21 + 30. Let s = i - v. Give b(s).
7
Let y(b) be the second derivative of -b**5/20 + 2*b**4/3 - 2*b**2 + 2*b. Let k be y(8). Let u = -2 - k. Let j(g) = -3*g + 3. Give j(u).
-3
Suppose 0 = 2*o + o - 12. Let n(r) be the third derivative of 1/2*r**3 - 1/6*r**4 + 4*r**2 + 1/60*r**5 + 0*r + 0. Give n(o).
3
Let m(b) = 1. Let p be (-2)/6 - (-16)/(-24). Let j(f) = -f + 6. Let c(z) = p*j(z) + 4*m(z). Give c(2).
0
Let h be (-2 + (-4 - -1))*3. Let d = h - -21. Suppose 0 = -g + d*g. Let v(z) = z**3 + z**2 - z - 8. What is v(g)?
-8
Let d(u) be the second derivative of -u**4/12 + 5*u**3/3 - 7*u**2/2 - u. Let h be d(9). Let i(j) = -j**3 + 3*j**2 - j - 1. Determine i(h).
1
Let p(b) = -b + 5. Let j(u) = -3. Let t(g) = -5*j(g) - 2*p(g). What is t(-7)?
-9
Let z(h) = -2*h**3 + h**3 - h**2 + 4 - 4*h**2 - 4*h. Let g = 2 + 0. Suppose t + 6 = g. What is z(t)?
4
Let z(v) = -6*v. Let u(y) = y. Let b = 16 - 17. Let w(q) = b*z(q) - 3*u(q). Calculate w(-2).
-6
Let n(m) = -2*m**2 - m - 1. Let r be 11 - 12 - ((-1 - -3) + -1). Give n(r).
-7
Let p(a) = a**3 - 7*a**2 + 7*a - 7. Let q be (-4 - -2)/(0 + 2). Let l(m) = 7*m**2 - 1. Let o be l(q). Let h be p(o). Let v(i) = i**2 + i. What is v(h)?
0
Let d(n) = -n - 117*n**2 - 7 + 63*n**2 + 55*n**2. Give d(5).
13
Suppose 23 = -3*c + 4*v, 0 = -2*c + 2*v - 3*v - 8. Let u(l) = -l - 1. Suppose -1 - 1 = -2*p. Let i(q) = -4*q - 3. Let z(k) = c*u(k) + p*i(k). Determine z(2).
4
Let w(p) = p + 9. Let r be w(-8). Let s be (14/(-49))/(r/(-7)). Let i(n) = -1 + 4*n - 2*n + 3. Determine i(s).
6
Let m(o) = 6*o - 9. Let q(c) = -c + 1. Let d(j) = -m(j) - 5*q(j). Calculate d(4).
0
Let z(a) = -a**3 - 5*a**2 - 6. Suppose w = 4*w - 6. Let q be 4/(-1) - w/1. Let f = -11 - q. Give z(f).
-6
Let z = 1 + 2. Let t(k) = -4*k**3 + 3*k**2 - 17*k - 13. Let p(o) = o**3 - o**2 + 4*o + 3. Let j(r) = -9*p(r) - 2*t(r). Determine j(z).
-7
Let h be (-567)/33 + (-4)/(-22). Let s(o) = -6*o**3 - 14*o**2 - 5*o - 26. Let p(l) = 2*l**3 + 5*l**2 + 2*l + 9. Let d(m) = h*p(m) - 6*s(m). What is d(2)?
7
Let l(k) be the first derivative of -k**3/3 - k**2/2 - 3*k + 7. Calculate l(0).
-3
Let m(l) = 18*l + 1. Let r(x) = -17*x - 1. Let k = 16 + -19. Let a(q) = k*m(q) - 4*r(q). Give a(1).
15
Let l(x) = 1 - 10 - 5*x + 6 + 7. Calculate l(4).
-16
Let g = 4 - 1. Let h(l) = l**3 - 5*l**2 + 5*l - 2. Calculate h(g).
-5
Let r(c) = -c**3 + 11*c**2 + 5*c - 5. Let f(b) = b**3 - 10*b**2 - 4*b + 5. Let h(s) = -5*f(s) - 4*r(s). What is h(6)?
-5
Let u(m) = m**3 - 8*m**2 - m + 3. Let r be u(8). Let f(v) = -v**2 - 6*v + 6. Determine f(r).
11
Let y(q) be the second derivative of q**5/20 + q**4/3 + q**3/6 + q**2/2 - 30*q. Calculate y(-4).
-3
Let v(c) be the first derivative of -c - 2*c**2 - 1/3*c**3 - 1. Calculate v(-4).
-1
Suppose 7*q - 3*q - 16 = 2*n, -3*n - 20 = -4*q. Let f(o) = 3*o - 9*o + 11*o - 3. Give f(q).
7
Let u(j) be the first derivative of j**7/140 + j**6/360 - j**4/24 + 2*j**3/3 + 4. Let x(g) be the third derivative of u(g). Determine x(-1).
-6
Let t(h) be the second derivative of 1/4*h**4 - 3*h**2 - 5/6*h**3 - 3*h + 0 + 1/20*h**5. Calculate t(-4).
-2
Let i(x) = -9*x**3 - 5*x**2 + 7*x + 5. Let f(g) = -18*g**3 + 4*g**2 + 19*g + 11 - 15*g**2 - 4*g. Let u(o) = 6*f(o) - 13*i(o). Give u(1).
8
Let x = -15 + 90. Let f be (-2)/12 + x/18. Let l(c) = -3*c**2 + f*c + c**3 + 3*c - 5 - 2*c**2. Calculate l(4).
7
Let c(m) = 5*m**2 + m - 1. Suppose z + 2 = 4. Suppose -3*g - 5*v = 17, -2*g - 3*v - 8 = z. Calculate c(g).
5
Let a(i) be the second derivative of i**3/3 + i**2 - 5*i. Let k = -11 + 7. Give a(k).
-6
Let t(k) = k**2 + k. Let a(p) = -6*p**2 - 5*p + 4. Let m(w) = -a(w) - 5*t(w). What is m(-3)?
5
Let k(j) = j**2 - 3*j - 6. Let w be k(5). Let s(n) be the